te the greatest common divisor of g and 5.
5
Suppose -b - 3 = -7. What is the greatest common divisor of 12 and b?
4
Let y(p) = -25*p**3 - p**2. Let a be y(-1). What is the highest common divisor of 48 and a?
24
Suppose -4*i + 10 = -2*t, 29 = 5*i + 3*t - 0*t. Suppose 5 - 25 = -i*b. Calculate the greatest common divisor of b and 1.
1
Let j(w) = -14*w - 1. Let g be j(-1). Let f = 12 - 10. Suppose 0 = i - f*i + 65. Calculate the highest common divisor of g and i.
13
Let a = -4 + 25. Suppose z + a = 2*z. Calculate the greatest common factor of 3 and z.
3
Suppose g - 3*o = 16 - 5, 0 = 3*g - 3*o - 9. Let u be (2 - 22)/(g/2). What is the greatest common factor of 10 and u?
10
Suppose 5*y - 356 = 844. What is the highest common divisor of y and 30?
30
Let m be ((-2)/(-4))/(2/20). Suppose 5*z = -p + 31, -2*z = -m*p + p + 36. Calculate the greatest common divisor of p and 22.
11
Suppose v + 2*v - 6 = 0. Suppose p + g = 5, -2*g = v*p - 6*g + 8. Let h be ((-6)/(-7))/((-1)/(-7)). Calculate the greatest common factor of h and p.
2
Let y be 0 + -1 + 1 + 20. What is the greatest common factor of 5 and y?
5
Let k = -5 - -11. Suppose -2*w - 2*w = -536. Suppose 0 = 3*u + r - 88, -3*r = 5*u - w - 10. What is the highest common factor of u and k?
6
Let k(h) = h**2 + 4*h - 9. Let q be k(-7). Calculate the highest common factor of 12 and q.
12
Suppose 3*m + 2*x = 64, -2*m + 26 = 2*x - 16. What is the greatest common divisor of 2 and m?
2
Let m = 2 - 1. What is the highest common factor of m and 4?
1
Suppose 5*p + 268 - 28 = 0. Let a = p - -70. Calculate the highest common divisor of a and 2.
2
Let r(d) = d**3 + 9*d**2 - 10*d + 5. Let w be r(-10). What is the greatest common factor of 40 and w?
5
Let l = -187 + 355. Calculate the highest common divisor of l and 24.
24
Suppose 9*m - 803 - 232 = 0. What is the greatest common factor of m and 5?
5
Let a = 12 + -6. Let f be 4/(-5)*(-15)/a. Let h be 103 + 2 + -3 + f. What is the highest common divisor of h and 13?
13
Suppose -64 = 5*h - 2*l - 464, 3*l = -3*h + 240. Let i(t) = t**2 + 7*t + 8. Let g be i(-8). What is the highest common factor of h and g?
16
Let m(g) be the second derivative of g**4/6 - 7*g**3/6 + 3*g**2 + 3*g. Let j be m(6). What is the highest common factor of 4 and j?
4
Suppose 2*b - 7 = 5. Suppose -b*x + 220 = -x. Calculate the highest common factor of x and 4.
4
Let m(l) = l**3 + l**2 + 1. Let a be m(-1). Let c be -2 + 26 + a + -1. Let g(o) = o**2 - 1. Let q be g(-3). What is the highest common factor of q and c?
8
Let t(o) = 13*o**2 - o. Let f be t(-1). What is the greatest common factor of 21 and f?
7
Let h(l) = l**2 - 5*l - 3. Let n be h(6). Let x be 0 + 3 - 0/11. Calculate the highest common factor of n and x.
3
Suppose 2*j = -1 + 117. Suppose -4*q + 0*h - 2*h + j = 0, 4*h = 20. Let k = -3 - -5. What is the highest common divisor of q and k?
2
Let c(k) = 3*k**2 + k + 1. Let w be c(-1). Suppose -3*v - w = -6*v. Calculate the highest common factor of v and 7.
1
Let r = 12 - -14. What is the greatest common factor of 104 and r?
26
Suppose 19 = 3*p - 5*b - 39, p = 2*b + 20. Suppose -j + 0*m + 3*m = -6, -2*j + 2*m = -p. What is the highest common factor of 63 and j?
9
Let j = 7 + 3. Let c = 20 - 10. Calculate the highest common divisor of c and j.
10
Suppose -a = 4*f - 76, a - 38 = -2*f + 2*a. Let k = -11 + f. Suppose 3*q - x = -1 - 1, k = 3*q + x. Calculate the highest common factor of q and 6.
1
Let p(g) = -22*g - 12. Let d be p(-2). Calculate the greatest common divisor of 48 and d.
16
Suppose k + 5*h - 56 = 0, 3*k + 2*k - 425 = 4*h. What is the greatest common factor of 54 and k?
27
Let p = -4 - -12. Let k be 1/(0 + (-1)/(-9)). Suppose 25 = 5*l, h - l + k = l. What is the greatest common divisor of h and p?
1
Suppose 5*w - 670 = -h - h, -4*w + 508 = -4*h. What is the highest common divisor of 33 and w?
33
Let g be 17 + (-2)/(-4)*-4. What is the highest common factor of 15 and g?
15
Suppose 3*d - 41 = 19. What is the highest common divisor of d and 10?
10
Let h(x) = -x**2 - 6*x + 1. Suppose -3 - 132 = -5*s. Suppose -5*l - s = 3. Let d be h(l). What is the highest common factor of 1 and d?
1
Let m(j) = j**2 + 9*j + 10. Let q be m(-8). Calculate the highest common factor of q and 4.
2
Suppose 0 = -3*r + 3*s + 153, 0 = 2*r + 5*s - 3*s - 106. Calculate the greatest common divisor of r and 13.
13
Suppose 0 = 5*a - 2*a. Suppose -m + 6*m - 40 = a. What is the highest common factor of m and 40?
8
Suppose 0 = 2*m - 252 - 68. Calculate the highest common divisor of 20 and m.
20
Suppose 5*t - 35 = -0*y + 5*y, -2*y + 5*t - 23 = 0. Let m be 10/y*18/(-15). Calculate the highest common divisor of 21 and m.
3
Let f(u) = u**2 + 1. Let t be f(-2). Suppose -3*w + t*w - 6 = 0. What is the highest common factor of 6 and w?
3
Let i(g) = -g + 12. Let m be i(5). Let v(t) = t**2 - 5*t - 4. Let d be v(5). Let l(p) = -14*p. Let h be l(d). Calculate the greatest common divisor of m and h.
7
Let j = 103 - 3. Calculate the highest common factor of j and 25.
25
Let v(x) = -10*x + 5 - 3 - x**2 + 0. Let l be v(-10). Suppose -w - 6*d = -2*d + l, 2*w + 5*d = 8. What is the greatest common divisor of 35 and w?
7
Suppose 34*g = 33*g + 7. Let h be 0/(-4 + 2 + 0). Let c = h + 1. What is the highest common factor of g and c?
1
Let m = 20 - -4. Let s = -61 - -69. Calculate the greatest common divisor of m and s.
8
Let i = -3 + 4. Let s be 2/(-17) - (-2015)/221. Calculate the highest common divisor of i and s.
1
Let u be (-14)/10 + (-5307)/(-305). Let j be 0 - 10*8/(-2). Calculate the highest common factor of u and j.
8
Let y(m) = -m - 5. Let i be y(-10). Suppose v = 2*d - 4*d + 109, -i*d = 4*v - 430. Calculate the highest common divisor of 15 and v.
15
Let z = -243 - -485. Calculate the greatest common factor of 22 and z.
22
Let a be (-2)/(1 - (-63)/(-60)). Calculate the greatest common divisor of a and 5.
5
Let u be ((-45)/6)/(-5)*2. Let y be 1 - (u - 1) - 9. Let s be (-217)/(-5) + (-6)/y. Calculate the highest common divisor of 66 and s.
22
Suppose 0 = -4*r - 4*p - 112, r - 18 = 2*r - 4*p. Let q be (r/(-6) - 1)*6. Calculate the highest common factor of 50 and q.
10
Let z(l) = 7*l**2 - 3*l + 2. Let u = -2 + 15. Let r = u + -8. Let t be z(r). What is the highest common divisor of 18 and t?
18
Let z be (15 + -71)/(4/(-2)). What is the greatest common factor of z and 140?
28
Let g(t) = -9*t**2 + 2*t - 1. Let z be g(-2). Let f = 79 - z. What is the highest common divisor of 48 and f?
24
Let m(i) = 66*i**3 + i**2 - 1. Let o be m(1). What is the greatest common divisor of o and 6?
6
Suppose -76 = -2*u + 4*k, k = -2*u - 2*k + 76. Calculate the highest common divisor of 57 and u.
19
Let j(r) = -r**2 + 6*r + 9. Let f be j(7). Calculate the highest common divisor of 1 and f.
1
Suppose -7*x - 3*c + 55 = -3*x, 0 = -5*c - 15. Suppose -92 = -3*k - k. Suppose 0 = -3*r + 73 + k. Calculate the highest common divisor of r and x.
16
Suppose 4*z = c - 21, 0*c - 5*c = 2*z - 39. Let v(j) = 34*j - 5. Let m be v(2). What is the greatest common factor of m and c?
9
Let a = -12 - -28. Calculate the highest common divisor of a and 4.
4
Suppose 2 = 2*o - 40. Suppose 2*n - 1323 = -7*n. Calculate the highest common divisor of n and o.
21
Let o = 13 - 4. Let n = 4 - o. Let g be n/((-10)/78) + 0. What is the greatest common divisor of 13 and g?
13
Let v be (-2)/(-6) + 210/18. Let x = 27 + -16. Let w = 19 - x. Calculate the highest common divisor of v and w.
4
Let l(w) = -w**3 + 2*w**2 + 4*w - 4. Let v be l(3). Let h be (-1)/((-3)/2 - v). Let b = h + 8. What is the highest common factor of 30 and b?
10
Let t(c) = 2*c**2 + 10*c - 1. Let a be t(-6). Suppose 3*g = 4*g - 3. Suppose 2*s = g + 85. Calculate the greatest common divisor of a and s.
11
Let d = -6 + 10. Suppose 0 = -d*f - 71 + 183. Suppose -5*x = -233 + 23. What is the highest common divisor of x and f?
14
Suppose 0 = -0*u + 2*u - 4*v - 128, -u + 5*v = -70. What is the highest common factor of u and 90?
30
Let a be (2/(-4))/(7/(-2520)). Suppose 0 = 3*u + 45 - a. What is the greatest common divisor of 5 and u?
5
Let u(j) = -11*j - 16*j + 2*j - 5*j. Let z be u(-1). Calculate the highest common factor of z and 20.
10
Let o be ((-1805)/19)/(-1*1). Calculate the greatest common divisor of o and 38.
19
Let m be (7/(-